
Calculate the highest common divisor of 265 and 40.
5
Calculate the highest common factor of 135 and 30.
15
What is the highest common factor of 68 and 187?
17
Calculate the greatest common divisor of 3 and 1209.
3
What is the greatest common divisor of 5 and 205?
5
Calculate the greatest common factor of 87 and 29667.
87
Calculate the greatest common factor of 15 and 5.
5
Calculate the highest common divisor of 392 and 224.
56
What is the highest common factor of 15521 and 561?
187
What is the greatest common divisor of 200 and 275?
25
What is the highest common factor of 53 and 1537?
53
What is the highest common factor of 1079 and 117?
13
Calculate the greatest common divisor of 42 and 42.
42
Calculate the greatest common factor of 6094 and 11.
11
What is the highest common factor of 14605 and 115?
115
Calculate the greatest common divisor of 5358 and 912.
114
What is the greatest common divisor of 142 and 2?
2
What is the greatest common divisor of 520 and 15470?
130
Calculate the greatest common divisor of 24 and 156.
12
Calculate the greatest common factor of 24131 and 1227.
409
What is the greatest common divisor of 70 and 185?
5
What is the greatest common divisor of 3576 and 24?
24
What is the highest common factor of 82 and 2?
2
What is the greatest common divisor of 2387 and 651?
217
What is the highest common factor of 270 and 1485?
135
What is the greatest common divisor of 4 and 194?
2
Calculate the greatest common divisor of 58 and 58.
58
What is the greatest common divisor of 1456 and 91?
91
Calculate the greatest common divisor of 64 and 128.
64
What is the greatest common factor of 35 and 455?
35
Calculate the highest common divisor of 46 and 25967.
23
What is the highest common divisor of 132 and 12?
12
What is the highest common factor of 10 and 4640?
10
Calculate the greatest common divisor of 34 and 34.
34
What is the highest common factor of 1032 and 5289?
129
Calculate the highest common factor of 164 and 574.
82
Calculate the highest common divisor of 13 and 7.
1
What is the greatest common divisor of 17073 and 189?
63
Calculate the highest common factor of 665 and 38.
19
Calculate the greatest common divisor of 1022 and 365.
73
What is the highest common divisor of 70 and 350?
70
Calculate the highest common divisor of 280 and 16310.
70
What is the highest common factor of 1070 and 10?
10
Calculate the highest common factor of 162 and 14634.
54
Calculate the highest common divisor of 39 and 26.
13
What is the greatest common divisor of 9795 and 30?
15
What is the highest common divisor of 6 and 4278?
6
What is the highest common divisor of 15918 and 42?
42
Calculate the highest common factor of 273 and 210.
21
Calculate the highest common factor of 570 and 2185.
95
Calculate the highest common divisor of 470 and 20.
10
Calculate the greatest common factor of 203 and 28.
7
What is the highest common factor of 14 and 14?
14
What is the greatest common divisor of 3360 and 20?
20
What is the highest common divisor of 6696 and 31?
31
Calculate the greatest common divisor of 78 and 6.
6
Calculate the highest common factor of 25 and 101.
1
What is the greatest common factor of 8 and 146?
2
What is the greatest common divisor of 115 and 46?
23
Calculate the greatest common factor of 54 and 2646.
54
What is the highest common divisor of 993 and 3?
3
Calculate the greatest common factor of 16 and 30.
2
Calculate the highest common divisor of 248 and 62.
62
What is the greatest common factor of 1404 and 72?
36
Calculate the highest common factor of 38 and 4541.
19
Calculate the greatest common factor of 45 and 90.
45
What is the greatest common factor of 46 and 3887?
23
Calculate the greatest common divisor of 2786 and 21.
7
Calculate the greatest common divisor of 255 and 15.
15
What is the highest common factor of 3016 and 1856?
232
Calculate the highest common divisor of 2829 and 345.
69
Calculate the highest common divisor of 23 and 667.
23
Calculate the greatest common divisor of 1 and 25.
1
What is the highest common divisor of 9 and 3?
3
Calculate the highest common divisor of 136 and 6613.
17
What is the greatest common divisor of 10164 and 77?
77
Calculate the highest common divisor of 6 and 726.
6
What is the highest common factor of 27432 and 18?
18
What is the greatest common factor of 175 and 7?
7
Calculate the highest common divisor of 2 and 45.
1
Calculate the greatest common divisor of 48 and 368.
16
Calculate the highest common divisor of 70 and 4.
2
What is the greatest common divisor of 36 and 192?
12
What is the highest common divisor of 54 and 2628?
18
Calculate the highest common divisor of 1680 and 861.
21
Calculate the highest common divisor of 7 and 1876.
7
Calculate the highest common factor of 1 and 29.
1
What is the highest common divisor of 14256 and 96?
48
What is the greatest common factor of 132 and 1320?
132
What is the greatest common factor of 44 and 54?
2
What is the greatest common divisor of 570 and 2964?
114
What is the highest common divisor of 55423 and 19?
19
What is the greatest common divisor of 462 and 5610?
66
What is the highest common divisor of 123 and 12?
3
Calculate the highest common divisor of 6 and 14.
2
Calculate the highest common divisor of 391 and 46.
23
What is the greatest common factor of 225 and 100?
25
Calculate the greatest common divisor of 95 and 80.
5
What is the highest common factor of 1 and 19?
1
What is the highest common factor of 12 and 128?
4
What is the highest common divisor of 9 and 69?
3
Calculate the greatest common divisor of 153 and 171.
9
Calculate the greatest common factor of 28 and 40726.
14
Calculate the greatest common divisor of 16 and 3824.
16
Calculate the highest common divisor of 180 and 2290.
10
What is the greatest common factor of 395 and 711?
79
What is the greatest common factor of 5370 and 45?
15
What is the highest common factor of 460 and 253?
23
What is the highest common factor of 7230 and 30?
30
Calculate the greatest common divisor of 40 and 1228.
4
What is the greatest common divisor of 532 and 1232?
28
What is the greatest common factor of 45 and 35?
5
What is the greatest common divisor of 203 and 29?
29
Calculate the greatest common divisor of 602 and 56.
14
Calculate the highest common divisor of 232 and 58.
58
What is the highest common factor of 76 and 76?
76
What is the greatest common factor of 2753 and 2?
1
What is the highest common divisor of 34 and 153?
17
Calculate the greatest common divisor of 95 and 3040.
95
What is the greatest common divisor of 301 and 43?
43
Calculate the highest common factor of 42 and 1862.
14
Calculate the greatest common factor of 147 and 49.
49
Calculate the greatest common factor of 264 and 1122.
66
Calculate the highest common factor of 273 and 2977.
13
Calculate the highest common factor of 49 and 105.
7
What is the greatest common factor of 70 and 315?
35
What is the greatest common factor of 122 and 1342?
122
What is the greatest common divisor of 322 and 1134?
14
Calculate the greatest common divisor of 30 and 10.
10
What is the greatest common factor of 80 and 43?
1
Calculate the highest common factor of 49 and 833.
49
Calculate the highest common factor of 33 and 77.
11
Calculate the greatest common factor of 68 and 16.
4
Calculate the greatest common divisor of 299 and 65.
13
What is the highest common divisor of 5292 and 21?
21
What is the highest common factor of 1984 and 62?
62
What is the greatest common divisor of 27 and 1809?
27
Calculate the highest common factor of 1313 and 91.
13
Calculate the highest common divisor of 171 and 54.
9
What is the highest common factor of 43 and 473?
43
Calculate the greatest common factor of 300 and 1776.
12
Calculate the greatest common factor of 43966 and 1482.
494
Calculate the highest common factor of 351 and 216.
27
What is the greatest common factor of 16 and 68?
4
What is the highest common divisor of 66 and 429?
33
What is the greatest common factor of 9272 and 16?
8
What is the highest common divisor of 32 and 232?
8
Calculate the greatest common divisor of 17824 and 32.
32
Calculate the greatest common divisor of 364 and 28.
28
What is the greatest common factor of 17032 and 8?
8
Calculate the greatest common divisor of 